
470390b
Convert 154a64 (base 11) to base 4.
322303130
What is -373553 (base 9) in base 7?
-1630026
Convert -b71b1c (base 13) to base 12.
-1529747
1a341 (base 15) to base 12
41307
-18cb3 (base 15) to base 3
-11002102020
What is -75da3 (base 14) in base 12?
-11914b
What is 228595 (base 10) in base 4?
313303303
-104ade (base 15) to base 5
-144302314
What is -31201322013 (base 4) in base 12?
-1230633
What is -20321441 (base 6) in base 14?
-11389b
What is 154154 (base 8) in base 13?
1c2ab
-21201202110 (base 3) to base 9
-251673
Convert -3cb7 (base 15) to base 10.
-12997
What is 9413 (base 16) in base 3?
1220222222
Convert 10010111110111011000011 (base 2) to base 11.
2899870
Convert -31633477 (base 8) to base 7.
-111332066
What is 30f6f (base 16) in base 6?
4144303
4324301323 (base 5) to base 10
9212713
-17570550 (base 9) to base 13
-1aa8a4b
What is 141342013 (base 6) in base 4?
22331321121
What is -3da2b (base 16) in base 2?
-111101101000101011
What is -13b8a3 (base 14) in base 8?
-2471647
Convert -762182 (base 11) to base 7.
-13232146
1101111111111110110101 (base 2) to base 15
4c75cb
Convert -1001012320 (base 4) to base 6.
-5414344
-1001101010011110111 (base 2) to base 13
-b1199
Convert 3550573 (base 11) to base 15.
82531d
-11101001011010010110100 (base 2) to base 8
-35132264
Convert 2683630 (base 9) to base 12.
5b0090
-20221202012 (base 3) to base 15
-2a848
Convert -2022110120010 (base 3) to base 12.
-4b3626
-2003066 (base 7) to base 2
-111001101101010111
Convert -1570641 (base 11) to base 10.
-2680074
Convert 166164206 (base 7) to base 2.
101011101010000110100010
Convert 1039960 (base 11) to base 2.
110111110011100001010
-1657ad (base 14) to base 4
-2333103031
Convert 14825 (base 14) to base 2.
1100011100110001
Convert -878b39 (base 13) to base 9.
-6001461
-c750c (base 13) to base 5
-42441333
24b791 (base 12) to base 15
bcedd
42004333 (base 6) to base 13
336795
What is 4a29a4 (base 14) in base 12?
a27684
Convert 1100001000101 (base 2) to base 6.
44433
What is 21121101222 (base 3) in base 5?
14242431
What is -3130211231 (base 4) in base 2?
-11011100100101101101
Convert -17484 (base 16) to base 11.
-65715
What is -164344 (base 7) in base 13?
-11bb4
Convert -40234320 (base 5) to base 14.
-850b8
1001000111111001000 (base 2) to base 7
2353403
What is a1a67 (base 11) in base 14?
3c448
Convert -3322444 (base 5) to base 6.
-1123534
13220000 (base 4) to base 13
112a6
What is 4556655 (base 7) in base 8?
2127304
Convert -201030210332 (base 4) to base 16.
-84c93e
Convert -10010010111101000100 (base 2) to base 16.
-92f44
1c1dd3 (base 14) to base 16
f5305
Convert -232131333 (base 4) to base 11.
-120002
3e1424 (base 15) to base 12
1003014
What is 5346a4b (base 12) in base 5?
13014134402
348d2 (base 14) to base 11
88172
-1021201220110 (base 3) to base 16
-a6ed5
108a98 (base 11) to base 16
2a3d8
Convert -8414b (base 13) to base 4.
-321333010
What is -3554656 (base 7) in base 10?
-450694
Convert -122121512 (base 7) to base 5.
-3430410031
Convert -7ef9 (base 16) to base 9.
-48526
-a1dbb (base 15) to base 11
-320245
What is -10830702 (base 9) in base 12?
-1925025
What is 430202324 (base 5) in base 14?
34d34c
What is 51331644 (base 7) in base 12?
1530909
Convert 35044041 (base 6) to base 15.
164b41
What is -1000010011000010 (base 2) in base 8?
-102302
Convert -45c14c (base 14) to base 6.
-122534344
-10700272 (base 8) to base 6
-121511454
What is 98363 (base 13) in base 11?
178854
What is -1000110000110110101101 (base 2) in base 14?
-43b2a1
Convert 2abddb (base 15) to base 12.
837208
12324641 (base 7) to base 4
10100121233
Convert -10062206 (base 7) to base 5.
-203314424
21c6ca (base 13) to base 15
10b9b1
What is -420641 (base 7) in base 8?
-215241
Convert 104404534 (base 6) to base 5.
441222120
Convert 11505122 (base 6) to base 4.
1121200022
Convert 14b6 (base 13) to base 3.
11010221
Convert 1174757 (base 8) to base 14.
86bcb
Convert -1b9a33 (base 13) to base 7.
-6003064
71481 (base 10) to base 5
4241411
What is -53655 (base 7) in base 5?
-411433
Convert 10ddc8 (base 14) to base 5.
121414340
16006 (base 14) to base 15
113e1
What is 4515734 (base 10) in base 14?
857966
380435 (base 10) to base 9
638765
-67566 (base 14) to base 9
-421887
What is -11122200331 (base 4) in base 12?
-585451
Convert 20253507 (base 9) to base 6.
544153224
10100200300 (base 4) to base 2
100010000100000110000
Convert -110110000101111101 (base 2) to base 6.
-4425433
What is -215142412 (base 7) in base 14?
-1a182b2
What is 11043204 (base 5) in base 8?
274647
What is 351338 (base 12) in base 2?
11010000000110011100
177506 (base 10) to base 8
532542
What is 5176 (base 14) in base 2?
11011011000100
Convert -1001110001111000 (base 2) to base 9.
-60846
17223373 (base 9) to base 6
505041020
2726453 (base 12) to base 13
17bbc36
What is -113f6c (base 16) in base 9?
-2112482
What is 12230131 (base 4) in base 6?
330541
-532303 (base 14) to base 16
-2ae24f
Convert 3d0b0a (base 15) to base 16.
2cd76f
Convert 110b76 (base 12) to base 4.
1002032022
What is 862a96 (base 14) in base 2?
10001010100100011111100
-354522 (base 8) to base 15
-25d80
Convert 20040001 (base 5) to base 2.
100110110000011111
What is -201065 (base 10) in base 2?
-110001000101101001
Convert -113032021 (base 4) to base 12.
-47061
-6900a (base 11) to base 7
-564031
8372 (base 13) to base 14
68a4
What is 375b89 (base 13) in base 6?
44234231
-3377431 (base 8) to base 2
-11011111111100011001
What is -8547c (base 15) in base 7?
-3410631
Convert 283c21 (base 16) to base 5.
1133334313
What is -217662 (base 11) in base 8?
-1245346
-2c6724 (base 15) to base 7
-24154465
140785 (base 14) to base 2
10101001001011110001
-1301211121 (base 4) to base 13
-1339ba
What is 224230154 (base 6) in base 5?
2024001423
What is -43201422 (base 5) in base 14?
-97490
Convert 10701155 (base 8) to base 5.
1043432044
What is -45212157 (base 8) in base 9?
-20341041
What is 68685 (base 10) in base 6?
1245553
What is 30103 (base 15) in base 10?
152103
-1014013424 (base 5) to base 8
-7773420
Convert 2012011211211 (base 3) to base 9.
2164754
1110111122210 (base 3) to base 8
2756572
-705731 (base 8) to base 11
-149681
388a49 (base 12) to base 2
11100010011111011001
What is -204120 (base 7) in base 5?
-2110144
-66b47a (base 13) to base 8
-11176404
581382 (base 13) to base 15
2b38e3
What is da485 (base 14) in base 2?
10000000110110000101
Convert 187c (base 13) to base 15.
1137
What is 310223102320 (base 4) in base 12?
475b274
12e77 (base 15) to base 13
217a5
-337ada (base 14) to base 7
-20606163
What is 21233301 (base 5) in base 16?
2c0e3
Convert -33055544 (base 6) to base 5.
-223100134
Convert 113144120 (base 5) to base 8.
1773071
-2131222132 (base 4) to base 14
-12b4bc
157205 (base 9) to base 12
48258
1b3d7a (base 15) to base 2
101000100100100000111
Convert 217160 (base 9) to base 15.
2874c
Convert -bde719 (base 16) to base 5.
-11141223330
Convert -317110 (base 11) to base 3.
-221202210210
Convert -656c2e (base 16) to base 15.
-8b4670
Convert 2c325 (base 13) to base 7.
466653
What is 111001101101000011101 (base 2) in base 9?
3501668
What is -22b23 (base 16) in base 14?
-39b11
Convert 12002111012201 (base 3) to base 11.
1589234
What is -7a6b8 (base 12) in base 2?
-100111111001101100
What is 1631577 (base 9) in base 7?
10464133
-58919 (base 11) to base 7
-502463
194a0 (base 15) to base 16
14082
Convert f6150a (base 16) to base 13.
3458761
Convert -cb15 (base 13) to base 9.
-42658
-10011100011111001011000 (base 2) to base 14
-976a12
-2082341 (base 10) to base 8
-7743045
57458 (base 14) to base 2
110011110010110110
Convert -17c35 (base 14) to base 12.
-2a89b
-23130054 (base 6) to base 16
-adb72
What is 475362 (base 8) in base 11?
10113a
Convert -167ab2 (base 12) to base 15.
-79998
Convert -1eae2 (base 15) to base 4.
-120133301
Convert 36341 (base 12) to base 3.
10201012211
What is 3777ab (base 12) in base 15?
12d1a8
13998a (base 11) to base 8
652034
-434431412 (base 5) to base 8
-7114076
What is 12532063 (base 7) in base 11?
716691
Convert 43002431 (base 5) to base 12.
154225
What is 48d886 (base 15) in base 4?
31103220231
-661356 (base 9) to base 12
-1704a3
-101210202012 (base 3) to base 5
-23301214
Convert -73ba0 (base 12) to base 15.
-300b0
Convert -131302 (base 7) to ba